{"id":67,"date":"2020-10-07T13:30:08","date_gmt":"2020-10-07T13:30:08","guid":{"rendered":"http:\/\/test.sonaxbilvard.se\/?post_type=product&#038;p=67"},"modified":"2020-10-13T09:30:28","modified_gmt":"2020-10-13T09:30:28","slug":"sonax-falgrengoring-ecoline","status":"publish","type":"product","link":"https:\/\/test.sonaxbilvard.se\/?product=sonax-falgrengoring-ecoline","title":{"rendered":"SONAX F\u00e4lgreng\u00f6ring ECOLINE"},"content":{"rendered":"<p>SONAX svanenm\u00e4rkta f\u00e4lgreng\u00f6ring tar snabbt och enkelt bort smuts\u00a0vanligtvis orsakat av bromsdamm. Produkten \u00e4r syrafri och \u00e4r skonsam\u00a0mot all bilens exteri\u00f6r.<\/p>\n<p>Spraya p\u00e5 f\u00e4lgarna och v\u00e4nta minst 3-5 min innan\u00a0du spolar av det med en kraftig str\u00e5le. Vid tuffare smuts, anv\u00e4nd g\u00e4rna en\u00a0f\u00e4lgborste som komplement.<\/p>\n","protected":false},"excerpt":{"rendered":"<p>SONAX svanenm\u00e4rkta f\u00e4lgreng\u00f6ring tar snabbt och enkelt bort smuts\u00a0vanligtvis orsakat av bromsdamm. Produkten \u00e4r syrafri och \u00e4r skonsam\u00a0mot all bilens exteri\u00f6r.<\/p>\n<p>Inneh\u00e5ll: 1 liter<\/p>\n<p>Artikelnr: 430341<\/p>\n","protected":false},"featured_media":68,"comment_status":"open","ping_status":"closed","template":"","meta":[],"_links":{"self":[{"href":"https:\/\/test.sonaxbilvard.se\/index.php?rest_route=\/wp\/v2\/product\/67"}],"collection":[{"href":"https:\/\/test.sonaxbilvard.se\/index.php?rest_route=\/wp\/v2\/product"}],"about":[{"href":"https:\/\/test.sonaxbilvard.se\/index.php?rest_route=\/wp\/v2\/types\/product"}],"replies":[{"embeddable":true,"href":"https:\/\/test.sonaxbilvard.se\/index.php?rest_route=%2Fwp%2Fv2%2Fcomments&post=67"}],"wp:featuredmedia":[{"embeddable":true,"href":"https:\/\/test.sonaxbilvard.se\/index.php?rest_route=\/wp\/v2\/media\/68"}],"wp:attachment":[{"href":"https:\/\/test.sonaxbilvard.se\/index.php?rest_route=%2Fwp%2Fv2%2Fmedia&parent=67"}],"curies":[{"name":"wp","href":"https:\/\/api.w.org\/{rel}","templated":true}]}}