{"id":71,"date":"2020-10-07T13:37:58","date_gmt":"2020-10-07T13:37:58","guid":{"rendered":"http:\/\/test.sonaxbilvard.se\/?post_type=product&#038;p=71"},"modified":"2020-10-13T09:28:40","modified_gmt":"2020-10-13T09:28:40","slug":"sonax-xtreme-foam-lance","status":"publish","type":"product","link":"https:\/\/test.sonaxbilvard.se\/?product=sonax-xtreme-foam-lance","title":{"rendered":"SONAX XTREME Foam Lance"},"content":{"rendered":"<p>Schampobeh\u00e5llare med doseringsskala och sprutmunstycke. F\u00f6r montering\u00a0till en h\u00f6gtryckstv\u00e4tt. Adapter till de vanligaste h\u00f6gtryckstv\u00e4ttarna k\u00f6pes\u00a0separat.<\/p>\n<p>Sonax Xtreme Foam Lance ger ett tjockt skum.\u00a0G\u00f6r biltv\u00e4tten b\u00e5de effektivare och roligare.\u00a0Justerbar skumbild.<\/p>\n<p>S\u00f6kord: shampoo, schampo, bilschampo<\/p>\n<p>&nbsp;<\/p>\n","protected":false},"excerpt":{"rendered":"<p>Schampobeh\u00e5llare med doseringsskala och sprutmunstycke. F\u00f6r montering\u00a0till en h\u00f6gtryckstv\u00e4tt.<\/p>\n<p>Artikelnr: 495000<\/p>\n","protected":false},"featured_media":72,"comment_status":"open","ping_status":"closed","template":"","meta":[],"_links":{"self":[{"href":"https:\/\/test.sonaxbilvard.se\/index.php?rest_route=\/wp\/v2\/product\/71"}],"collection":[{"href":"https:\/\/test.sonaxbilvard.se\/index.php?rest_route=\/wp\/v2\/product"}],"about":[{"href":"https:\/\/test.sonaxbilvard.se\/index.php?rest_route=\/wp\/v2\/types\/product"}],"replies":[{"embeddable":true,"href":"https:\/\/test.sonaxbilvard.se\/index.php?rest_route=%2Fwp%2Fv2%2Fcomments&post=71"}],"wp:featuredmedia":[{"embeddable":true,"href":"https:\/\/test.sonaxbilvard.se\/index.php?rest_route=\/wp\/v2\/media\/72"}],"wp:attachment":[{"href":"https:\/\/test.sonaxbilvard.se\/index.php?rest_route=%2Fwp%2Fv2%2Fmedia&parent=71"}],"curies":[{"name":"wp","href":"https:\/\/api.w.org\/{rel}","templated":true}]}}